{"id":2128,"date":"2017-01-20T17:02:39","date_gmt":"2017-01-20T16:02:39","guid":{"rendered":"http:\/\/www.masdelarivoire.fr\/?post_type=project&#038;p=2128"},"modified":"2017-01-20T17:17:48","modified_gmt":"2017-01-20T16:17:48","slug":"the-pelardon-goat-cheese-from-the-cevennen","status":"publish","type":"project","link":"https:\/\/www.masdelarivoire.fr\/en\/project\/the-pelardon-goat-cheese-from-the-cevennen\/","title":{"rendered":"The Pelardon goat cheese from the C\u00e8vennen"},"content":{"rendered":"","protected":false},"excerpt":{"rendered":"","protected":false},"author":1,"featured_media":1336,"comment_status":"closed","ping_status":"closed","template":"","meta":{"_et_pb_use_builder":"","_et_pb_old_content":"","_et_gb_content_width":"","_exactmetrics_skip_tracking":false,"_exactmetrics_sitenote_active":false,"_exactmetrics_sitenote_note":"","_exactmetrics_sitenote_category":0,"footnotes":""},"project_category":[18,19],"project_tag":[],"class_list":["post-2128","project","type-project","status-publish","has-post-thumbnail","hentry","project_category-anglaise-1-en","project_category-anglaise-2"],"yoast_head":"<!-- This site is optimized with the Yoast SEO plugin v27.4 - https:\/\/yoast.com\/product\/yoast-seo-wordpress\/ -->\n<title>The Pelardon goat cheese from the C\u00e8vennen - Mas de la Rivoire<\/title>\n<meta name=\"robots\" content=\"index, follow, max-snippet:-1, max-image-preview:large, max-video-preview:-1\" \/>\n<link rel=\"canonical\" href=\"https:\/\/www.masdelarivoire.fr\/project\/fromage-de-chevre-pelardon-des-cevennes\/\" \/>\n<meta property=\"og:locale\" content=\"en_US\" \/>\n<meta property=\"og:type\" content=\"article\" \/>\n<meta property=\"og:title\" content=\"The Pelardon goat cheese from the C\u00e8vennen - Mas de la Rivoire\" \/>\n<meta property=\"og:url\" content=\"https:\/\/www.masdelarivoire.fr\/project\/fromage-de-chevre-pelardon-des-cevennes\/\" \/>\n<meta property=\"og:site_name\" content=\"Mas de la Rivoire\" \/>\n<meta property=\"article:modified_time\" content=\"2017-01-20T16:17:48+00:00\" \/>\n<meta property=\"og:image\" content=\"https:\/\/www.masdelarivoire.fr\/wp-content\/uploads\/2016\/02\/img_region_fromage_pelardon.jpg\" \/>\n\t<meta property=\"og:image:width\" content=\"400\" \/>\n\t<meta property=\"og:image:height\" content=\"300\" \/>\n\t<meta property=\"og:image:type\" content=\"image\/jpeg\" \/>\n<meta name=\"twitter:card\" content=\"summary_large_image\" \/>\n<script type=\"application\/ld+json\" class=\"yoast-schema-graph\">{\"@context\":\"https:\\\/\\\/schema.org\",\"@graph\":[{\"@type\":\"WebPage\",\"@id\":\"https:\\\/\\\/www.masdelarivoire.fr\\\/project\\\/fromage-de-chevre-pelardon-des-cevennes\\\/\",\"url\":\"https:\\\/\\\/www.masdelarivoire.fr\\\/project\\\/fromage-de-chevre-pelardon-des-cevennes\\\/\",\"name\":\"The Pelardon goat cheese from the C\u00e8vennen - Mas de la Rivoire\",\"isPartOf\":{\"@id\":\"https:\\\/\\\/www.masdelarivoire.fr\\\/#website\"},\"primaryImageOfPage\":{\"@id\":\"https:\\\/\\\/www.masdelarivoire.fr\\\/project\\\/fromage-de-chevre-pelardon-des-cevennes\\\/#primaryimage\"},\"image\":{\"@id\":\"https:\\\/\\\/www.masdelarivoire.fr\\\/project\\\/fromage-de-chevre-pelardon-des-cevennes\\\/#primaryimage\"},\"thumbnailUrl\":\"https:\\\/\\\/www.masdelarivoire.fr\\\/wp-content\\\/uploads\\\/2016\\\/02\\\/img_region_fromage_pelardon.jpg\",\"datePublished\":\"2017-01-20T16:02:39+00:00\",\"dateModified\":\"2017-01-20T16:17:48+00:00\",\"breadcrumb\":{\"@id\":\"https:\\\/\\\/www.masdelarivoire.fr\\\/project\\\/fromage-de-chevre-pelardon-des-cevennes\\\/#breadcrumb\"},\"inLanguage\":\"en-US\",\"potentialAction\":[{\"@type\":\"ReadAction\",\"target\":[\"https:\\\/\\\/www.masdelarivoire.fr\\\/project\\\/fromage-de-chevre-pelardon-des-cevennes\\\/\"]}]},{\"@type\":\"ImageObject\",\"inLanguage\":\"en-US\",\"@id\":\"https:\\\/\\\/www.masdelarivoire.fr\\\/project\\\/fromage-de-chevre-pelardon-des-cevennes\\\/#primaryimage\",\"url\":\"https:\\\/\\\/www.masdelarivoire.fr\\\/wp-content\\\/uploads\\\/2016\\\/02\\\/img_region_fromage_pelardon.jpg\",\"contentUrl\":\"https:\\\/\\\/www.masdelarivoire.fr\\\/wp-content\\\/uploads\\\/2016\\\/02\\\/img_region_fromage_pelardon.jpg\",\"width\":400,\"height\":300},{\"@type\":\"BreadcrumbList\",\"@id\":\"https:\\\/\\\/www.masdelarivoire.fr\\\/project\\\/fromage-de-chevre-pelardon-des-cevennes\\\/#breadcrumb\",\"itemListElement\":[{\"@type\":\"ListItem\",\"position\":1,\"name\":\"Accueil\",\"item\":\"https:\\\/\\\/www.masdelarivoire.fr\\\/en\\\/\"},{\"@type\":\"ListItem\",\"position\":2,\"name\":\"Projets\",\"item\":\"https:\\\/\\\/www.masdelarivoire.fr\\\/project\\\/\"},{\"@type\":\"ListItem\",\"position\":3,\"name\":\"The Pelardon goat cheese from the C\u00e8vennen\"}]},{\"@type\":\"WebSite\",\"@id\":\"https:\\\/\\\/www.masdelarivoire.fr\\\/#website\",\"url\":\"https:\\\/\\\/www.masdelarivoire.fr\\\/\",\"name\":\"Mas de la Rivoire\",\"description\":\"G\u00eetes et Chambres d&#039;H\u00f4tes \u00e0 proximit\u00e9 de Sommi\u00e8res - Gard - Sud de la France\",\"potentialAction\":[{\"@type\":\"SearchAction\",\"target\":{\"@type\":\"EntryPoint\",\"urlTemplate\":\"https:\\\/\\\/www.masdelarivoire.fr\\\/?s={search_term_string}\"},\"query-input\":{\"@type\":\"PropertyValueSpecification\",\"valueRequired\":true,\"valueName\":\"search_term_string\"}}],\"inLanguage\":\"en-US\"}]}<\/script>\n<!-- \/ Yoast SEO plugin. -->","yoast_head_json":{"title":"The Pelardon goat cheese from the C\u00e8vennen - Mas de la Rivoire","robots":{"index":"index","follow":"follow","max-snippet":"max-snippet:-1","max-image-preview":"max-image-preview:large","max-video-preview":"max-video-preview:-1"},"canonical":"https:\/\/www.masdelarivoire.fr\/project\/fromage-de-chevre-pelardon-des-cevennes\/","og_locale":"en_US","og_type":"article","og_title":"The Pelardon goat cheese from the C\u00e8vennen - Mas de la Rivoire","og_url":"https:\/\/www.masdelarivoire.fr\/project\/fromage-de-chevre-pelardon-des-cevennes\/","og_site_name":"Mas de la Rivoire","article_modified_time":"2017-01-20T16:17:48+00:00","og_image":[{"width":400,"height":300,"url":"https:\/\/www.masdelarivoire.fr\/wp-content\/uploads\/2016\/02\/img_region_fromage_pelardon.jpg","type":"image\/jpeg"}],"twitter_card":"summary_large_image","schema":{"@context":"https:\/\/schema.org","@graph":[{"@type":"WebPage","@id":"https:\/\/www.masdelarivoire.fr\/project\/fromage-de-chevre-pelardon-des-cevennes\/","url":"https:\/\/www.masdelarivoire.fr\/project\/fromage-de-chevre-pelardon-des-cevennes\/","name":"The Pelardon goat cheese from the C\u00e8vennen - Mas de la Rivoire","isPartOf":{"@id":"https:\/\/www.masdelarivoire.fr\/#website"},"primaryImageOfPage":{"@id":"https:\/\/www.masdelarivoire.fr\/project\/fromage-de-chevre-pelardon-des-cevennes\/#primaryimage"},"image":{"@id":"https:\/\/www.masdelarivoire.fr\/project\/fromage-de-chevre-pelardon-des-cevennes\/#primaryimage"},"thumbnailUrl":"https:\/\/www.masdelarivoire.fr\/wp-content\/uploads\/2016\/02\/img_region_fromage_pelardon.jpg","datePublished":"2017-01-20T16:02:39+00:00","dateModified":"2017-01-20T16:17:48+00:00","breadcrumb":{"@id":"https:\/\/www.masdelarivoire.fr\/project\/fromage-de-chevre-pelardon-des-cevennes\/#breadcrumb"},"inLanguage":"en-US","potentialAction":[{"@type":"ReadAction","target":["https:\/\/www.masdelarivoire.fr\/project\/fromage-de-chevre-pelardon-des-cevennes\/"]}]},{"@type":"ImageObject","inLanguage":"en-US","@id":"https:\/\/www.masdelarivoire.fr\/project\/fromage-de-chevre-pelardon-des-cevennes\/#primaryimage","url":"https:\/\/www.masdelarivoire.fr\/wp-content\/uploads\/2016\/02\/img_region_fromage_pelardon.jpg","contentUrl":"https:\/\/www.masdelarivoire.fr\/wp-content\/uploads\/2016\/02\/img_region_fromage_pelardon.jpg","width":400,"height":300},{"@type":"BreadcrumbList","@id":"https:\/\/www.masdelarivoire.fr\/project\/fromage-de-chevre-pelardon-des-cevennes\/#breadcrumb","itemListElement":[{"@type":"ListItem","position":1,"name":"Accueil","item":"https:\/\/www.masdelarivoire.fr\/en\/"},{"@type":"ListItem","position":2,"name":"Projets","item":"https:\/\/www.masdelarivoire.fr\/project\/"},{"@type":"ListItem","position":3,"name":"The Pelardon goat cheese from the C\u00e8vennen"}]},{"@type":"WebSite","@id":"https:\/\/www.masdelarivoire.fr\/#website","url":"https:\/\/www.masdelarivoire.fr\/","name":"Mas de la Rivoire","description":"G\u00eetes et Chambres d&#039;H\u00f4tes \u00e0 proximit\u00e9 de Sommi\u00e8res - Gard - Sud de la France","potentialAction":[{"@type":"SearchAction","target":{"@type":"EntryPoint","urlTemplate":"https:\/\/www.masdelarivoire.fr\/?s={search_term_string}"},"query-input":{"@type":"PropertyValueSpecification","valueRequired":true,"valueName":"search_term_string"}}],"inLanguage":"en-US"}]}},"_links":{"self":[{"href":"https:\/\/www.masdelarivoire.fr\/en\/wp-json\/wp\/v2\/project\/2128","targetHints":{"allow":["GET"]}}],"collection":[{"href":"https:\/\/www.masdelarivoire.fr\/en\/wp-json\/wp\/v2\/project"}],"about":[{"href":"https:\/\/www.masdelarivoire.fr\/en\/wp-json\/wp\/v2\/types\/project"}],"author":[{"embeddable":true,"href":"https:\/\/www.masdelarivoire.fr\/en\/wp-json\/wp\/v2\/users\/1"}],"replies":[{"embeddable":true,"href":"https:\/\/www.masdelarivoire.fr\/en\/wp-json\/wp\/v2\/comments?post=2128"}],"version-history":[{"count":1,"href":"https:\/\/www.masdelarivoire.fr\/en\/wp-json\/wp\/v2\/project\/2128\/revisions"}],"predecessor-version":[{"id":2129,"href":"https:\/\/www.masdelarivoire.fr\/en\/wp-json\/wp\/v2\/project\/2128\/revisions\/2129"}],"wp:featuredmedia":[{"embeddable":true,"href":"https:\/\/www.masdelarivoire.fr\/en\/wp-json\/wp\/v2\/media\/1336"}],"wp:attachment":[{"href":"https:\/\/www.masdelarivoire.fr\/en\/wp-json\/wp\/v2\/media?parent=2128"}],"wp:term":[{"taxonomy":"project_category","embeddable":true,"href":"https:\/\/www.masdelarivoire.fr\/en\/wp-json\/wp\/v2\/project_category?post=2128"},{"taxonomy":"project_tag","embeddable":true,"href":"https:\/\/www.masdelarivoire.fr\/en\/wp-json\/wp\/v2\/project_tag?post=2128"}],"curies":[{"name":"wp","href":"https:\/\/api.w.org\/{rel}","templated":true}]}}

The Pelardon goat cheese from the Cèvennen

<!-- This site is optimized with the Yoast SEO plugin v27.4 - https://yoast.com/product/yoast-seo-wordpress/ -->
<title>The Pelardon goat cheese from the Cèvennen - Mas de la Rivoire</title>
<meta name="robots" content="index, follow, max-snippet:-1, max-image-preview:large, max-video-preview:-1" />
<link rel="canonical" href="https://www.masdelarivoire.fr/project/fromage-de-chevre-pelardon-des-cevennes/" />
<meta property="og:locale" content="en_US" />
<meta property="og:type" content="article" />
<meta property="og:title" content="The Pelardon goat cheese from the Cèvennen - Mas de la Rivoire" />
<meta property="og:url" content="https://www.masdelarivoire.fr/project/fromage-de-chevre-pelardon-des-cevennes/" />
<meta property="og:site_name" content="Mas de la Rivoire" />
<meta property="article:modified_time" content="2017-01-20T16:17:48+00:00" />
<meta property="og:image" content="https://www.masdelarivoire.fr/wp-content/uploads/2016/02/img_region_fromage_pelardon.jpg" />
	<meta property="og:image:width" content="400" />
	<meta property="og:image:height" content="300" />
	<meta property="og:image:type" content="image/jpeg" />
<meta name="twitter:card" content="summary_large_image" />
<script type="application/ld+json" class="yoast-schema-graph">{"@context":"https:\/\/schema.org","@graph":[{"@type":"WebPage","@id":"https:\/\/www.masdelarivoire.fr\/project\/fromage-de-chevre-pelardon-des-cevennes\/","url":"https:\/\/www.masdelarivoire.fr\/project\/fromage-de-chevre-pelardon-des-cevennes\/","name":"The Pelardon goat cheese from the Cèvennen - Mas de la Rivoire","isPartOf":{"@id":"https:\/\/www.masdelarivoire.fr\/#website"},"primaryImageOfPage":{"@id":"https:\/\/www.masdelarivoire.fr\/project\/fromage-de-chevre-pelardon-des-cevennes\/#primaryimage"},"image":{"@id":"https:\/\/www.masdelarivoire.fr\/project\/fromage-de-chevre-pelardon-des-cevennes\/#primaryimage"},"thumbnailUrl":"https:\/\/www.masdelarivoire.fr\/wp-content\/uploads\/2016\/02\/img_region_fromage_pelardon.jpg","datePublished":"2017-01-20T16:02:39+00:00","dateModified":"2017-01-20T16:17:48+00:00","breadcrumb":{"@id":"https:\/\/www.masdelarivoire.fr\/project\/fromage-de-chevre-pelardon-des-cevennes\/#breadcrumb"},"inLanguage":"en-US","potentialAction":[{"@type":"ReadAction","target":["https:\/\/www.masdelarivoire.fr\/project\/fromage-de-chevre-pelardon-des-cevennes\/"]}]},{"@type":"ImageObject","inLanguage":"en-US","@id":"https:\/\/www.masdelarivoire.fr\/project\/fromage-de-chevre-pelardon-des-cevennes\/#primaryimage","url":"https:\/\/www.masdelarivoire.fr\/wp-content\/uploads\/2016\/02\/img_region_fromage_pelardon.jpg","contentUrl":"https:\/\/www.masdelarivoire.fr\/wp-content\/uploads\/2016\/02\/img_region_fromage_pelardon.jpg","width":400,"height":300},{"@type":"BreadcrumbList","@id":"https:\/\/www.masdelarivoire.fr\/project\/fromage-de-chevre-pelardon-des-cevennes\/#breadcrumb","itemListElement":[{"@type":"ListItem","position":1,"name":"Accueil","item":"https:\/\/www.masdelarivoire.fr\/en\/"},{"@type":"ListItem","position":2,"name":"Projets","item":"https:\/\/www.masdelarivoire.fr\/project\/"},{"@type":"ListItem","position":3,"name":"The Pelardon goat cheese from the Cèvennen"}]},{"@type":"WebSite","@id":"https:\/\/www.masdelarivoire.fr\/#website","url":"https:\/\/www.masdelarivoire.fr\/","name":"Mas de la Rivoire","description":"Gîtes et Chambres d&#039;Hôtes à proximité de Sommières - Gard - Sud de la France","potentialAction":[{"@type":"SearchAction","target":{"@type":"EntryPoint","urlTemplate":"https:\/\/www.masdelarivoire.fr\/?s={search_term_string}"},"query-input":{"@type":"PropertyValueSpecification","valueRequired":true,"valueName":"search_term_string"}}],"inLanguage":"en-US"}]}</script>
<!-- / Yoast SEO plugin. -->

The Pelardon goat cheese from the Cèvennen - Mas de la Rivoire

Gîtes et Chambres d&#039;Hôtes à proximité de Sommières - Gard - Sud de la France
